et i(d) = -d**2 + 12*d - 7. List the prime factors of i(p).
2, 5
Let b(h) = -h**3 + 12*h**2 + 15*h - 14. Suppose 5*m + 0*m = 15. Let c = 10 + m. What are the prime factors of b(c)?
2, 3
Let k(q) = -2*q. Suppose -4*h + 4*n - 8 = 0, 1 + 0 = h - 2*n. List the prime factors of k(h).
2, 5
Suppose -3*p - 5*i = -7*p + 32, 3*i = 0. Let a(r) = -13*r - 4. Let u be a(p). Let h = -49 - u. List the prime factors of h.
59
List the prime factors of 2141 + (-1)/3*3.
2, 5, 107
Let t(u) = -2*u + 4. Let j be t(-2). Let s(l) = 4*l + 13*l - 4*l - j - l. List the prime factors of s(4).
2, 5
Let o(u) = -3*u**3 - 4*u**2 - 4*u - 6. Let p be o(-4). Suppose -4*a + 2*a = -p. Suppose -21 - a = -2*m. List the prime factors of m.
3, 5
Let n = 62 + -60. Suppose 6*w - 31 = n*w + 3*x, 33 = 3*w + x. What are the prime factors of w?
2, 5
Suppose -2*v - 3*k - 350 = 0, v - 5*k + 350 = -v. Let s = v - -257. What are the prime factors of s?
2, 41
Let g(k) = k**3 - 11*k**2 + 12*k + 9. Let o(d) = -d**2 + 13*d. Let v be o(13). Let b = 10 - v. List the prime factors of g(b).
29
Suppose 0 = -3*o + 12, 5*a + 5*o = -0 - 5. Let h(z) = -z**2 - 3*z**2 - 11 + 6*z**2. List the prime factors of h(a).
3, 13
Let a = 978 - 695. Let p = -472 + a. List the prime factors of 0 - p/(6 + -3).
3, 7
Suppose 2*n - 34 = -4*y - 12, -4*n - 4 = -4*y. Suppose 3*a + q - 1 = 0, a + 2*q - 10 + n = 0. Let v(p) = 18*p**2 - p. What are the prime factors of v(a)?
19
Let y = 1971 + -1359. What are the prime factors of y?
2, 3, 17
Let n = -227 - -527. Suppose n = 3*i + 45. List the prime factors of i.
5, 17
Suppose -4*w + w + 5*l = -356, -96 = -w - 4*l. Let p = 73 - w. Let q = p - -59. What are the prime factors of q?
2, 5
Let a(y) = -y**2 - 3*y + 4. Let m be a(-3). Suppose 4*j - j = -2*f + 41, m*f + j - 77 = 0. List the prime factors of f.
19
Let v = 31 + -19. Let i = 25 - v. List the prime factors of i.
13
Let o(g) = -g**3 - 15*g**2 + 3. Let n be o(-15). Suppose -n*r + 26 = -106. Suppose 13*h - 17*h + r = 0. What are the prime factors of h?
11
Suppose -n = -2*q - 2541, 0 = -7*q + 5*q. What are the prime factors of n?
3, 7, 11
Suppose -16*u + 15*u = 3. Let t = -1 - u. Suppose -5*d - 5*m + 95 = 0, -5 - 26 = -t*d + 5*m. What are the prime factors of d?
2, 3
Let z be (-1 + 1)*(-1 - -2). Suppose b - 5*b = z. Suppose 0 = -b*f - 2*f + 86. What are the prime factors of f?
43
Let t = -1573 - -3540. What are the prime factors of t?
7, 281
Suppose 0 = -12*h + 7949 + 15427. List the prime factors of h.
2, 487
Let k(t) = -132*t - 54. What are the prime factors of k(-4)?
2, 3, 79
List the prime factors of 2/(-12) - (-282429)/378.
3, 83
What are the prime factors of -22*31*1*(-9)/18?
11, 31
Let w(q) = -78*q**2 + 2*q + 1. Let h be w(-1). Suppose -5*l - 336 = 3*a + 296, 3*l = -2*a - 380. Let o = h - l. List the prime factors of o.
3, 5
Let t = 24 - 20. Suppose 5*z - 3*n + 3 = 0, -1 = -t*z - 3*n + 2. Suppose z = -4*k + k + 126. What are the prime factors of k?
2, 3, 7
Let r(g) = 109*g**2 + 14*g - 18. List the prime factors of r(6).
2, 3, 5, 7, 19
Let r be 5*(-4)/(-10)*(9 - 27). Let u = 10 - r. List the prime factors of u.
2, 23
List the prime factors of (14 + 7001 + -13)*(-2)/(-6).
2, 3, 389
Suppose 2*v - 15 = 5*t + 40, -5*t - 35 = -v. Suppose 30*p - v*p = 240. List the prime factors of p.
2, 3
Suppose -n - 4 + 16 = 0. What are the prime factors of (-60)/n*(-46)/10?
23
Let q(n) = -12*n + 1. Let m be q(1). Let x = 93 - 96. Let d = x - m. What are the prime factors of d?
2
Let x = 8 + -7. Let b be (3 + 0 - 4)/x. List the prime factors of (0/3 - 5)*b.
5
Let o(m) = m - 7. Let q(d) = -4*d**3 - d. Let g be q(1). Let i = g + 14. What are the prime factors of o(i)?
2
Let n(s) = -s**3 + 17*s**2 + 39. List the prime factors of n(15).
3, 163
Let h(r) = -r + 6. Let f be h(4). Suppose -f*o + 64 = -12. Let s = 59 - o. What are the prime factors of s?
3, 7
Suppose 0 = 4*n - 3*o - 14, -2*n - 5*o = 2 + 4. Suppose 0 = n*s + s - 168. Suppose -6 = 3*j + 3, 2*j = 2*f - s. What are the prime factors of f?
5
Let j = 12 + -8. Suppose 4*r - j*m = 8, m + 19 = 5*r - 11. Suppose -1 = s - r. List the prime factors of s.
2, 3
Suppose -3*z + 9 = -0*z, 5*f + 2*z - 1846 = 0. What are the prime factors of f?
2, 23
Suppose -16*y + 21*y = 155. Suppose z + y = 3*h + 3, -20 = -h - 5*z. What are the prime factors of h?
2, 5
Let x(b) be the second derivative of 7*b**4/4 - b**2/2 - b. Let t be x(1). What are the prime factors of (76/(-10))/((-8)/t)?
19
Let i(o) = -o**3 - 6*o**2 - 2*o + 18. Let m be ((2 + -4)*-1)/(28/(-112)). What are the prime factors of i(m)?
2, 3
What are the prime factors of (-24)/8 - (-3 - 216/4)?
2, 3
Let u = 78 - 149. Let q = -24 - u. List the prime factors of q.
47
Let g be ((-2)/3)/(6/9). Let h(v) = 502*v**2 - v - 503*v**2 + 0*v - 23*v**3. List the prime factors of h(g).
23
What are the prime factors of 4/(-12)*1893/(2 - 3)?
631
Let t = 360 - -77. List the prime factors of t.
19, 23
List the prime factors of 0 + 4835 + (-3)/((-33)/55).
2, 5, 11
Let m = 3451 + -1894. List the prime factors of m.
3, 173
Suppose 6*g - g - 1495 = 0. Suppose 5*q = 2*t + g, -q + 0*t + t = -58. List the prime factors of q.
61
Let p(b) = 104*b + 5. Let q be p(-5). Let n = 281 + q. What are the prime factors of (2/(-6))/(3/n)?
2, 13
Suppose -2*m - 450 = -5*v, 2*m - 3*m = -3*v + 269. Suppose -5*o = t - v, -4*t + 459 = -2*o + 151. What are the prime factors of t?
2, 3, 13
Suppose 0 = -11*w + 141 - 493. What are the prime factors of (382/4)/((-16)/w)?
191
Suppose 5*n + v = 0, 3*n + 0*v - v = 8. What are the prime factors of (3 + 26)/n - -4?
3, 11
Let x(d) = 13*d - 5. Let t be x(-10). Let g = t - -224. What are the prime factors of g?
89
Let d = 148 - 24. Suppose k + 109 - 20 = 0. Let s = d + k. List the prime factors of s.
5, 7
Let g(j) = 179*j + 80. What are the prime factors of g(8)?
2, 3, 7
Suppose 2*h + 44 = 8. What are the prime factors of h/99 - -1883*(-2)/(-22)?
3, 19
Suppose -k + 0 - 3 = 0. Let q be (12 + -13)/(1/k). Suppose 15 = q*l - 39. What are the prime factors of l?
2, 3
Let j = 66 + 52. Suppose -j = -5*p + 117. Let u = -20 + p. List the prime factors of u.
3
Let k(q) be the second derivative of -q**4/12 - 13*q**3/6 + 7*q**2 - 3*q. Let v(g) = -12*g**3 - g**2 - g + 2. Let a be v(1). What are the prime factors of k(a)?
2, 13
Suppose 4 - 322 = 3*y. Suppose 9*q + 259 = -182. Let r = q - y. What are the prime factors of r?
3, 19
Let n(z) = 22*z**2 + 3*z + 15. Let q(g) = 3*g - 11. Let m be q(6). Let v(o) = 7*o**2 + o + 5. Let s(a) = m*v(a) - 2*n(a). What are the prime factors of s(3)?
53
Let r = 151 + 34. Let a = r + -98. What are the prime factors of a?
3, 29
Let d = 79 + -41. Suppose u - 2*f = 44, 3*u = 3*f + 79 + d. List the prime factors of u.
2, 17
Suppose -51*c + 5*a - 2360 = -56*c, 3*a + 2320 = 5*c. List the prime factors of c.
467
Suppose -2*l = 10*l - 5364. What are the prime factors of l?
3, 149
Suppose 2*y + y - 9 = 0. Let g = y + -7. What are the prime factors of (-3)/g - 207/(-12)?
2, 3
Suppose -451 = -4*f - n, 0 = -4*f + 2*n + n + 471. List the prime factors of f.
2, 3, 19
List the prime factors of 5/(-15)*(-25)/((-125)/(-18030)).
2, 601
Suppose 3*a - m - 1424 = 0, 4*a + 4*m - 1904 = -0*m. List the prime factors of a.
5, 19
Suppose -5*i = -0*i + 810. List the prime factors of (i/5)/((-30)/75).
3
Let f(b) = -10*b - 27. Let w be f(-3). Suppose k - w*k + 132 = 0. What are the prime factors of k?
2, 3, 11
Let q be -11 + 94 + (-1)/((-1)/2). Let p = q + 138. What are the prime factors of p?
223
Suppose 0 = 12*q - 7517 - 4519. List the prime factors of q.
17, 59
Let o(z) = z**3 + 13*z - 15. What are the prime factors of o(9)?
3, 277
Suppose -142*a - 8 = -138*a. What are the prime factors of 74/(0 - a - 0/2)?
37
Let f = 14 - 11. Suppose 5*t = 5*g + 2*t - 1021, -5*t = f*g - 633. What are the prime factors of g?
2, 103
Let d(x) = -104*x + 122. What are the prime factors of d(-15)?
2, 29
Suppose 2*g - n - 2230 = 0, -8*n = -9*n + 4. What are the prime factors of g?
1117
Suppose -3*b + 25 + 106 = w, -3*b = -5*w - 155. List the prime factors of 936/b - (-2)/10.
3, 7
Suppose 9*l - 121 = 8*l. Suppose 5*g = 2*u + 479, 0 = -g - 3*u - 32 + l. What are the prime factors of g?
5, 19
Let a(v) = 8*v**3 + 11*v**2 - 38*v - 13. What are the prime factors of a(6)?
7, 269
What are 